{"id":1086,"date":"2022-05-13T10:50:32","date_gmt":"2022-05-13T10:50:32","guid":{"rendered":"https:\/\/tresubresdobles.es\/?page_id=1086"},"modified":"2025-04-04T08:27:13","modified_gmt":"2025-04-04T08:27:13","slug":"diseno-web","status":"publish","type":"page","link":"https:\/\/tresubresdobles.es\/index.php\/diseno-web\/","title":{"rendered":"Dise\u00f1o web"},"content":{"rendered":"\n<div class=\"wp-block-cover is-light\"><span aria-hidden=\"true\" class=\"wp-block-cover__background has-white-background-color has-background-dim-100 has-background-dim\"><\/span><div class=\"wp-block-cover__inner-container is-layout-flow wp-block-cover-is-layout-flow\">\n<p class=\"has-text-align-center has-large-font-size\"><\/p>\n\n\n\n<div class=\"wp-block-columns are-vertically-aligned-center is-layout-flex wp-container-core-columns-is-layout-28f84493 wp-block-columns-is-layout-flex\">\n<div class=\"wp-block-column is-vertically-aligned-center is-layout-flow wp-block-column-is-layout-flow\">\n<figure class=\"wp-block-image aligncenter size-full\"><img loading=\"lazy\" decoding=\"async\" width=\"600\" height=\"600\" src=\"https:\/\/tresubresdobles.es\/wp-content\/uploads\/2022\/05\/diseno-web-personalizado.jpg\" alt=\"\" class=\"wp-image-1107\" srcset=\"https:\/\/tresubresdobles.es\/wp-content\/uploads\/2022\/05\/diseno-web-personalizado.jpg 600w, https:\/\/tresubresdobles.es\/wp-content\/uploads\/2022\/05\/diseno-web-personalizado-300x300.jpg 300w, https:\/\/tresubresdobles.es\/wp-content\/uploads\/2022\/05\/diseno-web-personalizado-150x150.jpg 150w\" sizes=\"auto, (max-width: 600px) 100vw, 600px\" \/><\/figure>\n<\/div>\n\n\n\n<div class=\"wp-block-column is-vertically-aligned-center is-layout-flow wp-block-column-is-layout-flow\">\n<h4 class=\"wp-block-heading has-text-align-center\">Dise\u00f1amos tu web a medida<\/h4>\n\n\n\n<h1 class=\"wp-block-heading has-text-align-center\" style=\"line-height:1\">Dise\u00f1o web, esa vaca sagrada<\/h1>\n\n\n\n<hr class=\"wp-block-separator has-text-color has-black-color has-css-opacity has-black-background-color has-background is-style-wide\"\/>\n\n\n\n<h4 class=\"wp-block-heading has-text-align-center\">Tu p\u00e1gina web es ahora mismo tu carta de presentaci\u00f3n para tus clientes, y si no funciona bien, tampoco lo har\u00e1 tu empresa.<\/h4>\n<\/div>\n<\/div>\n<\/div><\/div>\n\n\n\n<div style=\"height:100px\" aria-hidden=\"true\" class=\"wp-block-spacer\"><\/div>\n\n\n\n<h2 class=\"wp-block-heading has-text-align-center\">\u00bfPor qu\u00e9 dise\u00f1amos webs?<\/h2>\n\n\n\n<div style=\"height:13px\" aria-hidden=\"true\" class=\"wp-block-spacer\"><\/div>\n\n\n\n<p class=\"has-text-align-center\">Porque nos encanta. <strong>Cada p\u00e1gina web que dise\u00f1amos<\/strong> es un nuevo desaf\u00edo, porque cada cliente tiene unas necesidades diferentes, y lo que vale para uno no vale para otro. Es un puzle entre la necesidad de dar una informaci\u00f3n, la obligaci\u00f3n de que presente una gran usabilidad, la intenci\u00f3n de que adem\u00e1s sea bonita. Estos son los tres pilares sobre los que debe asentarse una buena p\u00e1gina web.<\/p>\n\n\n\n<div style=\"height:37px\" aria-hidden=\"true\" class=\"wp-block-spacer\"><\/div>\n\n\n\n<div class=\"wp-block-columns are-vertically-aligned-center is-layout-flex wp-container-core-columns-is-layout-28f84493 wp-block-columns-is-layout-flex\">\n<div class=\"wp-block-column is-vertically-aligned-center is-layout-flow wp-block-column-is-layout-flow\">\n<h3 class=\"wp-block-heading\">Una p\u00e1gina web informativa<\/h3>\n\n\n\n<p>Si quieres tener una web online, ya seas un particular, un peque\u00f1o negocio o una pyme, es principalmente porque necesitas comunicarte con tus posibles clientes y ofrecerles informaci\u00f3n sobre tus servicios o productos. Estructurar esta informaci\u00f3n en tu dise\u00f1o web resulta esencial, ya que si tus contenidos son dif\u00edciles de encontrar todo lo dem\u00e1s da igual.<\/p>\n\n\n\n<h3 class=\"wp-block-heading\">Usabilidad en la web<\/h3>\n\n\n\n<p>Es lo que menos piden los clientes, y de las cosas m\u00e1s necesarias. El dise\u00f1o de una p\u00e1gina web debe atender a la usabilidad, esto es: que los clientes entiendan de un vistazo d\u00f3nde encontrar la informaci\u00f3n que buscan sin tener que dar mil vueltas. Y adem\u00e1s, que tu web sea responsive, es decir, que se navegue igual de bien en m\u00f3vil o en escritorio.<\/p>\n\n\n\n<h3 class=\"wp-block-heading\">Un dise\u00f1o web bonito<\/h3>\n\n\n\n<p>Eso es lo que todos queremos, que nuestra p\u00e1gina web tenga un dise\u00f1o bonito. Y nosotros haremos que as\u00ed sea, pero siempre y cuando no penalice las dos anteriores premisas. Y se puede conseguir. Nuestro objetivo es ponerlo todo en una balanza para dise\u00f1ar una p\u00e1gina web informativa, usable, y mega preciosa. Es decir, una p\u00e1gina web de la leche.<\/p>\n<\/div>\n\n\n\n<div class=\"wp-block-column is-vertically-aligned-center is-layout-flow wp-block-column-is-layout-flow\">\n<figure class=\"wp-block-image size-full\"><img loading=\"lazy\" decoding=\"async\" width=\"628\" height=\"469\" src=\"https:\/\/tresubresdobles.es\/wp-content\/uploads\/2022\/05\/diseno-personalizado-paginas-web-empresas.jpg\" alt=\"\" class=\"wp-image-1117\" srcset=\"https:\/\/tresubresdobles.es\/wp-content\/uploads\/2022\/05\/diseno-personalizado-paginas-web-empresas.jpg 628w, https:\/\/tresubresdobles.es\/wp-content\/uploads\/2022\/05\/diseno-personalizado-paginas-web-empresas-300x224.jpg 300w\" sizes=\"auto, (max-width: 628px) 100vw, 628px\" \/><\/figure>\n<\/div>\n<\/div>\n\n\n\n<div style=\"height:100px\" aria-hidden=\"true\" class=\"wp-block-spacer\"><\/div>\n","protected":false},"excerpt":{"rendered":"<p>\u00bfPor qu\u00e9 dise\u00f1amos webs? Porque nos encanta. Cada p\u00e1gina web que dise\u00f1amos es un nuevo desaf\u00edo, porque cada cliente tiene unas necesidades diferentes, y lo que vale para uno no vale para otro. Es un puzle entre la necesidad de dar una informaci\u00f3n, la obligaci\u00f3n de que presente una gran usabilidad, la intenci\u00f3n de que [&hellip;]<\/p>\n","protected":false},"author":1,"featured_media":0,"parent":0,"menu_order":0,"comment_status":"closed","ping_status":"closed","template":"","meta":{"site-sidebar-layout":"default","site-content-layout":"","ast-site-content-layout":"default","site-content-style":"default","site-sidebar-style":"default","ast-global-header-display":"","ast-banner-title-visibility":"","ast-main-header-display":"","ast-hfb-above-header-display":"","ast-hfb-below-header-display":"","ast-hfb-mobile-header-display":"","site-post-title":"disabled","ast-breadcrumbs-content":"disabled","ast-featured-img":"disabled","footer-sml-layout":"","theme-transparent-header-meta":"disabled","adv-header-id-meta":"","stick-header-meta":"","header-above-stick-meta":"","header-main-stick-meta":"","header-below-stick-meta":"","astra-migrate-meta-layouts":"set","ast-page-background-enabled":"default","ast-page-background-meta":{"desktop":{"background-color":"","background-image":"","background-repeat":"repeat","background-position":"center center","background-size":"auto","background-attachment":"scroll","background-type":"","background-media":"","overlay-type":"","overlay-color":"","overlay-opacity":"","overlay-gradient":""},"tablet":{"background-color":"","background-image":"","background-repeat":"repeat","background-position":"center center","background-size":"auto","background-attachment":"scroll","background-type":"","background-media":"","overlay-type":"","overlay-color":"","overlay-opacity":"","overlay-gradient":""},"mobile":{"background-color":"","background-image":"","background-repeat":"repeat","background-position":"center center","background-size":"auto","background-attachment":"scroll","background-type":"","background-media":"","overlay-type":"","overlay-color":"","overlay-opacity":"","overlay-gradient":""}},"ast-content-background-meta":{"desktop":{"background-color":"var(--ast-global-color-5)","background-image":"","background-repeat":"repeat","background-position":"center center","background-size":"auto","background-attachment":"scroll","background-type":"","background-media":"","overlay-type":"","overlay-color":"","overlay-opacity":"","overlay-gradient":""},"tablet":{"background-color":"var(--ast-global-color-5)","background-image":"","background-repeat":"repeat","background-position":"center center","background-size":"auto","background-attachment":"scroll","background-type":"","background-media":"","overlay-type":"","overlay-color":"","overlay-opacity":"","overlay-gradient":""},"mobile":{"background-color":"var(--ast-global-color-5)","background-image":"","background-repeat":"repeat","background-position":"center center","background-size":"auto","background-attachment":"scroll","background-type":"","background-media":"","overlay-type":"","overlay-color":"","overlay-opacity":"","overlay-gradient":""}},"footnotes":""},"class_list":["post-1086","page","type-page","status-publish","hentry"],"_links":{"self":[{"href":"https:\/\/tresubresdobles.es\/index.php\/wp-json\/wp\/v2\/pages\/1086","targetHints":{"allow":["GET"]}}],"collection":[{"href":"https:\/\/tresubresdobles.es\/index.php\/wp-json\/wp\/v2\/pages"}],"about":[{"href":"https:\/\/tresubresdobles.es\/index.php\/wp-json\/wp\/v2\/types\/page"}],"author":[{"embeddable":true,"href":"https:\/\/tresubresdobles.es\/index.php\/wp-json\/wp\/v2\/users\/1"}],"replies":[{"embeddable":true,"href":"https:\/\/tresubresdobles.es\/index.php\/wp-json\/wp\/v2\/comments?post=1086"}],"version-history":[{"count":14,"href":"https:\/\/tresubresdobles.es\/index.php\/wp-json\/wp\/v2\/pages\/1086\/revisions"}],"predecessor-version":[{"id":1256,"href":"https:\/\/tresubresdobles.es\/index.php\/wp-json\/wp\/v2\/pages\/1086\/revisions\/1256"}],"wp:attachment":[{"href":"https:\/\/tresubresdobles.es\/index.php\/wp-json\/wp\/v2\/media?parent=1086"}],"curies":[{"name":"wp","href":"https:\/\/api.w.org\/{rel}","templated":true}]}}